6*n**2. Calculate y(-4).
-7
Let f(r) = -r**2 + 8*r + 11*r - 1 - 9*r. Suppose -5*v + 5*i + 61 - 21 = 0, 0 = 4*v + i - 37. What is f(v)?
8
Suppose -306 = -15*y - 19*y. Let i(d) = -6*d**3 + 13*d**2 + 5*d - 4. Let g(t) = t**3 - t**2 + t - 1. Let u(j) = 5*g(j) + i(j). What is u(y)?
0
Suppose -d = d + 7*d. Suppose d*s + 3*s - 3*p = -3, -5*s = -2*p - 4. Let l(z) = -27 - z - z**s + 19 + 6 + 18. Calculate l(0).
16
Suppose 0 = p + 1 + 1, -18 = 4*d - 3*p. Let t(i) = 8*i**2 - 3*i - 6. Let u(j) = 9*j**2 - 4*j - 7. Let f(z) = d*t(z) + 5*u(z). Give f(2).
-15
Suppose 0 = -a + d + 6, -879*a + 3*d = -878*a - 12. Let g(w) = -37*w + 115. Determine g(a).
4
Let x(p) = 130*p + 10. Let r(w) = -19*w - 1. Let g(i) = 14*r(i) + 2*x(i). Calculate g(7).
-36
Let d(w) = w**2 - 9*w + 13. Let k be 45/120 + 225/40. Give d(k).
-5
Let j be -4 - (3/(-15) - (-216)/(-20)). Suppose j*m - 595 = -567. Let i(q) = q - 1. What is i(m)?
3
Let l(s) = 6*s + 1. Let q(z) = -3*z - 10. Let a be q(-3). Let v = a - -3. Suppose -v*b - 4 = -6*b. Calculate l(b).
7
Suppose -4*p = -7*p - 15, p = 3*j - 14. Suppose -5*c + 4 = -j*w + 29, -4*w = -c - 22. Let a(d) = d**3 + 2*d**2 + 4*d + 2. Give a(c).
-6
Let g(k) be the second derivative of k + 0*k**3 - 38 + 1/24*k**4 - 15*k**2. Let v(r) be the first derivative of g(r). Determine v(7).
7
Let f(s) be the second derivative of 7*s**5/4 - s**2/2 - 3490*s. Give f(1).
34
Let h be 20/(-45)*-6 - (-24)/(-36). Let i(a) = -a**3 - 2*a**2 + 4*a - 2. Let q be i(h). Let r(p) = p**2 + 10*p - 2. What is r(q)?
-2
Let l(c) = 65*c**2 - 18*c - 12. Let v(t) = 23*t**2 - 6*t - 4. Let h(x) = 6*l(x) - 17*v(x). Let s be 1500/(-255) - (-4)/(-34). Determine h(s).
-4
Let r = 401 + -402. Let c = 11 + r. Let m(p) = p**3 - 10*p**2 - 3*p + 30. What is m(c)?
0
Let t = -35334 + 35340. Let b(j) = -2*j**3 + 17*j**2 - 2*j - 10. Let m(h) = h**3 - 9*h**2 + h + 5. Let s(o) = -3*b(o) - 5*m(o). Give s(t).
11
Let p(m) be the first derivative of -m**3/6 + m**2/2 - 29*m + 13. Let u(q) be the first derivative of p(q). Give u(0).
1
Let j(n) = -n. Suppose 39*y - 6 = 45*y. Let i(l) = -4*l + 16. Let t(p) = y*i(p) + 5*j(p). Calculate t(-10).
-6
Let j(o) = o**2 - 15*o - 405. Suppose -80 = -r - 3*r + 36. What is j(r)?
1
Suppose 0 = 7*b + 1080 - 1045. Let l(r) = r**2 + 2*r - 4. Determine l(b).
11
Let g(o) = -o - 5. Let h = -29 - -29. Suppose -4*w + 67 + 9 = h. Suppose 4*t - 39 = -w. Determine g(t).
-10
Let h = -43 - -45. Let v(t) = -3 - 5*t + 2*t**2 + 10 + 0*t**2 - 3*t**h. Let g(y) = -y**3 + 6*y**2 - y + 1. Let c be g(6). Give v(c).
7
Suppose 0 = 158*d - 260 - 372. Let k(t) = t**2 + 18*t - 77. Determine k(d).
11
Let f(s) = s + 8. Let q = -319 + 326. Let n(m) = -m**2 + 21*m - 103. Let z be n(q). Give f(z).
3
Let y(i) = i + 54. Let b be y(-3). Let h(f) = b - 142 + 45 - f**2 + 45 + f. Let u = 1 - -1. What is h(u)?
-3
Let d = 78587 - 78582. Let o(t) = -8 - 1 + 5 - t**3 + 5*t**2 + 6*t. Give o(d).
26
Let r(s) = -s**3 + 11*s**2 + 12*s - 7. Suppose 0 = -3*f - 4*g - 39 + 203, -106 = -2*f - 2*g. Suppose -5*j - f = -4*w, 59 = 3*w + 3*j + 23. What is r(w)?
-7
Let s(b) = -b**2 - b + 44. Suppose 120 - 114 = m. What is s(m)?
2
Let q(k) = -2*k**2 + 140*k + 915. Let i be q(76). Let c(v) be the second derivative of -3/2*v**2 - 11*v - 1/6*v**i + 0. Determine c(3).
-6
Suppose -28*x + 30*x = 6. Suppose -5*j = 4*o - 195, -x*o - 63 + 208 = 4*j. Let v = -54 + o. Let h(m) = 5*m - 1. What is h(v)?
4
Let k(m) = -m**3 + 3*m**2 + 14*m - 21. Let b be 107/21 + 2/(-21). Let q be k(b). Let p(y) = -2*y**2 + 3*y + 2. Determine p(q).
-3
Let v be -190 - -199 - (4 - (0 - 0/3)). Let k(h) = 3*h - 5 + 0*h - h**3 + 4*h**2 + 4*h. What is k(v)?
5
Suppose 44*p - 253*p = 368 + 259. Let h(f) = f**3 + 5*f**2 + 10*f + 15. Determine h(p).
3
Let g(l) be the first derivative of 15*l**2/2 + 506*l + 4149. Determine g(-34).
-4
Let h(p) = -4 + 1 - 27*p + 70 - 55 - 6. Determine h(4).
-102
Let q(w) = 1626 - w - 29*w**2 + 1636 - 3262. Let h = 2 - 1. Determine q(h).
-30
Let x be (-38)/(-14) + (-8)/(-28). Let j(o) = 7*o + 7 + 2*o + o**2 - x*o. Let a be (-36)/10 - -4 - (-64)/(-10). Calculate j(a).
7
Let n(m) be the first derivative of 5*m**4/4 - m**2/2 - 9*m + 56. Let p(z) = 5*z**3 - z - 12. Let f(l) = -4*n(l) + 3*p(l). What is f(-1)?
4
Let m(j) be the second derivative of j**3/6 - 23*j**2/2 + 9*j - 42. Suppose -4*r + 13 = -f - 4*f, 29 = 5*r - 2*f. What is m(r)?
-16
Let f(b) be the third derivative of -b**5/60 - b**4/24 + b**3 - 207*b**2. Suppose 5*n = -0*n. Give f(n).
6
Let c(n) = -59*n + 17. Let s(x) = -24*x + 9. Let u(g) = 2*c(g) - 5*s(g). What is u(0)?
-11
Let y(l) = -2*l + 3. Let a(r) = -r**3 + 72*r**2 - 455*r + 25. Let s be a(65). Determine y(s).
-47
Let l(j) be the first derivative of 10*j - j**2 - 64 + 0*j**2 - 78 + 46. What is l(7)?
-4
Suppose 3*i + 14*m - 30 = 11*m, -3*i + 28 = 2*m. Let b be 11/(132/i) + (-100)/15. Let w(c) = c + 7. Give w(b).
1
Let k(t) = 3*t**2 - 8*t + 2. Let l(q) = 27*q**2 + 411*q + 91. Let g be l(-15). What is k(g)?
-3
Suppose -2*v + 18 = 3*j, -3*j = 2*v - 7*j - 32. Let y(c) = -5*c - 14. Determine y(v).
-74
Suppose 60*o = -2091 + 5931. Suppose o*b - 69*b = -15. Let d(a) = -4*a. What is d(b)?
-12
Let i(d) = -d**2 + 11*d + 2. Let t = -3840 + 3849. Determine i(t).
20
Let v = 172 + -176. Let q be 1*(-87)/(-9) - v/(-6). Let k(a) = -a**3 + 8*a**2 + 8*a + 5. Determine k(q).
-4
Let m(y) = -107830*y - 107827*y + 18 + 215656*y. Calculate m(6).
12
Let j(k) = 3*k**3 + 2*k**2 + k. Let l be (4 + 1)*1 - 1. Let c(x) = 24*x - 118. Let g be c(5). Suppose g*t = 10, -l*v + 3*t - 19 = -0*t. Give j(v).
-2
Let u(n) = -n**2 + 2*n - 15. Let x(y) = -3*y**2 + 7*y - 52. Let s(h) = 13*u(h) - 4*x(h). What is s(-5)?
-2
Let l(x) be the third derivative of 2*x + 0 + 3*x**2 - 1/12*x**4 + 2/15*x**5 - 2*x**3 + 1/120*x**6. Calculate l(-8).
4
Suppose 32*y - 38*y + 12 = 0. Suppose 16 = y*g + 36. Let i(s) = s + 7. Calculate i(g).
-3
Let h = -38 - -49. Let u(k) = -k**3 + 12*k**2 - 12*k + 7. Let p be u(h). Let o(i) = 3*i - 3*i - 2*i + 2. Determine o(p).
10
Let a(f) = -2 - 1 - 29*f + 33*f + 1. Suppose 9*p = 23*p + 98. Determine a(p).
-30
Let n(i) be the first derivative of 4*i**3/3 + 11*i**2/2 + i - 5451. What is n(-4)?
21
Let j(a) = -a**3 + 4*a**2 + 9*a + 13. Let c(q) = q**3 + 9*q**2 + 7*q + 13. Let z be c(-5). Suppose -z = -9*d - 24. What is j(d)?
-5
Let h(z) = 2*z**3 - 184*z**2 - 768*z - 23. Let l be h(96). Let s(m) = m**3 + 23*m**2 - m + 50. Give s(l).
73
Let n(o) = -3*o**2 + 3*o - 55. Let u(c) = -16*c**2 + 14*c - 299. Let t(r) = -11*n(r) + 2*u(r). Suppose 4*b + 7 - 35 = 0. What is t(b)?
21
Let l(v) = v**2 - 1 + 4*v**2 + 2*v + 7*v**2. Let i(t) = -20*t - 76. Let k be i(-4). Suppose -3*m - 3 = 5*s - 3*s, 0 = -4*m - k*s - 8. Determine l(m).
13
Let o(m) be the first derivative of 1/3*m**3 - 1/360*m**6 + 0*m**2 + 1/4*m**4 + 1/15*m**5 + 0*m - 3. Let w(y) be the third derivative of o(y). What is w(8)?
6
Let z(s) = -s**2 + 7*s - 4. Let l = -208 - -30. Let p = l - -182. What is z(p)?
8
Let v(y) = 192*y - 2493. Let p be v(13). Let h(c) be the first derivative of -1/2*c**2 + 1/4*c**4 + p*c - 3 + 7/3*c**3. Calculate h(-7).
10
Let g(p) = 20*p**3 + 4*p**2 - 3*p - 6. Let q(l) = 7*l**3 - l - 1. Let i(r) = g(r) - 7*q(r). Determine i(-1).
30
Let t(w) = -w**3 - w**2 + 13*w + 6. Let f be t(-4). Let h(y) = 2 - f + 7 + 7*y - 8. Determine h(1).
6
Let y(f) = -f**3 - f**2 + 19. Let v be -2*(-8 - -2)/(-6) + (-2)/(-1). Give y(v).
19
Let q(m) be the third derivative of 5/12*m**4 + 1/6*m**3 - 92*m**2 - 1 + 0*m. Calculate q(1).
11
Let d(t) be the second derivative of -t**4/12 + 11*t**3/3 + 17*t**2 - 2*t + 619. Give d(23).
11
Suppose 5*q - 45 = 4*a, -3*q - 2 = 4*a + 3. Let n(w) = -12*w**2 + 22. Let v(y) = -5*y**2 + y + 10. Let r(m) = -2*n(m) + 5*v(m). Calculate r(q).
6
Suppose 332*i = 334*i - 22. Let q be 6/5 + i/(-55). Let f(d) = 11*d**2. Calculate f(q).
11
Suppose -10*j = -418 + 3938. Let s = -358 - j. Let l(a) be the second derivative of a**5/20 + a**4/3 - 7*a**3/6 + 7*a**2/2 - 2*a. Calculate l(s).
-23
Let c(z) = -2*z**3 - 3*z**2 - z + 3. Let s be 1 + 12/3 + (-2)/(12/42). Give c(s).
9
Let l(t) = -5*t**2 - 4*t**2 - t**2 + 2 + 4*t - 9*t**2 + 14*t**2. Give l(-1).
-7
Let l(g) = -g**2 - 9*g + 93. Let o be l(6). Let b(m) = 2*m - o*m - 1 + 3*m. Suppose -3*c - 2*c = -10. Calculate b(c).
3
Let d be 4/18 - (5 - (